der when 67 is divided by 26.
15
Calculate the remainder when 124 is divided by 16.
12
What is the remainder when 210 is divided by 28?
14
Calculate the remainder when 75 is divided by 19.
18
Calculate the remainder when 409 is divided by 397.
12
Calculate the remainder when 179 is divided by 23.
18
What is the remainder when 68 is divided by 49?
19
What is the remainder when 34 is divided by 23?
11
What is the remainder when 3251 is divided by 93?
89
What is the remainder when 2429 is divided by 75?
29
Calculate the remainder when 176 is divided by 60.
56
What is the remainder when 675 is divided by 26?
25
What is the remainder when 24636 is divided by 22?
18
What is the remainder when 315 is divided by 12?
3
Calculate the remainder when 212 is divided by 55.
47
Calculate the remainder when 1514 is divided by 51.
35
What is the remainder when 244 is divided by 8?
4
Calculate the remainder when 1499 is divided by 10.
9
Calculate the remainder when 437 is divided by 44.
41
What is the remainder when 304 is divided by 61?
60
Calculate the remainder when 15907 is divided by 215.
212
Calculate the remainder when 1032 is divided by 74.
70
Calculate the remainder when 406 is divided by 37.
36
What is the remainder when 6654 is divided by 55?
54
What is the remainder when 479 is divided by 60?
59
Calculate the remainder when 121 is divided by 40.
1
What is the remainder when 24822 is divided by 241?
240
Calculate the remainder when 1379 is divided by 203.
161
What is the remainder when 278 is divided by 105?
68
What is the remainder when 33 is divided by 8?
1
What is the remainder when 454 is divided by 116?
106
Calculate the remainder when 38 is divided by 31.
7
Calculate the remainder when 348 is divided by 81.
24
Calculate the remainder when 1304 is divided by 652.
0
What is the remainder when 168 is divided by 10?
8
Calculate the remainder when 573 is divided by 101.
68
What is the remainder when 537 is divided by 164?
45
What is the remainder when 70 is divided by 7?
0
Calculate the remainder when 87 is divided by 55.
32
Calculate the remainder when 2402 is divided by 48.
2
What is the remainder when 269 is divided by 17?
14
What is the remainder when 797 is divided by 2?
1
Calculate the remainder when 6978 is divided by 26.
10
What is the remainder when 453 is divided by 134?
51
What is the remainder when 258 is divided by 80?
18
Calculate the remainder when 149 is divided by 52.
45
What is the remainder when 2712 is divided by 15?
12
Calculate the remainder when 87 is divided by 11.
10
What is the remainder when 585 is divided by 98?
95
Calculate the remainder when 162 is divided by 131.
31
What is the remainder when 1016 is divided by 10?
6
What is the remainder when 384 is divided by 35?
34
What is the remainder when 612 is divided by 56?
52
What is the remainder when 285 is divided by 58?
53
Calculate the remainder when 363 is divided by 353.
10
What is the remainder when 116 is divided by 35?
11
What is the remainder when 136 is divided by 20?
16
Calculate the remainder when 622 is divided by 78.
76
What is the remainder when 8728 is divided by 6?
4
What is the remainder when 13 is divided by 12?
1
What is the remainder when 77 is divided by 45?
32
Calculate the remainder when 1659 is divided by 5.
4
Calculate the remainder when 2503 is divided by 47.
12
Calculate the remainder when 257 is divided by 248.
9
What is the remainder when 120 is divided by 11?
10
Calculate the remainder when 205 is divided by 61.
22
What is the remainder when 1099 is divided by 19?
16
Calculate the remainder when 1499 is divided by 29.
20
Calculate the remainder when 1247 is divided by 73.
6
What is the remainder when 127 is divided by 107?
20
Calculate the remainder when 60 is divided by 20.
0
What is the remainder when 248 is divided by 225?
23
Calculate the remainder when 228 is divided by 46.
44
What is the remainder when 33 is divided by 10?
3
What is the remainder when 557 is divided by 51?
47
Calculate the remainder when 123 is divided by 58.
7
What is the remainder when 35 is divided by 12?
11
Calculate the remainder when 185 is divided by 21.
17
Calculate the remainder when 7679 is divided by 23.
20
What is the remainder when 1897 is divided by 1885?
12
What is the remainder when 2085 is divided by 58?
55
What is the remainder when 157 is divided by 81?
76
Calculate the remainder when 323 is divided by 67.
55
Calculate the remainder when 266 is divided by 74.
44
What is the remainder when 533 is divided by 42?
29
What is the remainder when 22990 is divided by 24?
22
Calculate the remainder when 509 is divided by 64.
61
What is the remainder when 17348 is divided by 72?
68
Calculate the remainder when 100 is divided by 41.
18
Calculate the remainder when 169 is divided by 30.
19
Calculate the remainder when 521 is divided by 60.
41
What is the remainder when 2056 is divided by 13?
2
What is the remainder when 27 is divided by 14?
13
What is the remainder when 283 is divided by 253?
30
Calculate the remainder when 1379 is divided by 39.
14
Calculate the remainder when 353 is divided by 59.
58
Calculate the remainder when 188 is divided by 65.
58
What is the remainder when 3860 is divided by 23?
19
Calculate the remainder when 206 is divided by 91.
24
Calculate the remainder when 41 is divided by 10.
1
What is the remainder when 799 is divided by 100?
99
Calculate the remainder when 64 is divided by 5.
4
What is the remainder when 297 is divided by 16?
9
What is the remainder when 744 is divided by 63?
51
What is the remainder when 236 is divided by 76?
8
What is the remainder when 432 is divided by 49?
40
Calculate the remainder when 215 is divided by 31.
29
Calculate the remainder when 968 is divided by 100.
68
Calculate the remainder when 2232 is divided by 77.
76
Calculate the remainder when 133 is divided by 44.
1
What is the remainder when 212 is divided by 55?
47
What is the remainder when 898 is divided by 30?
28
Calculate the remainder when 430 is divided by 6.
4
What is the remainder when 24 is divided by 7?
3
Calculate the remainder when 197 is divided by 40.
37
What is the remainder when 212 is divided by 43?
40
What is the remainder when 284 is divided by 57?
56
Calculate the remainder when 808 is divided by 58.
54
What is the remainder when 156 is divided by 23?
18
What is the remainder when 4030 is divided by 139?
138
What is the remainder when 129 is divided by 4?
1
Calculate the remainder when 518 is divided by 31.
22
Calculate the remainder when 398 is divided by 105.
83
Calculate the remainder when 543 is divided by 256.
31
Calculate the remainder when 112 is divided by 61.
51
Calculate the remainder when 263 is divided by 131.
1
Calculate the remainder when 27 is divided by 9.
0
Calculate the remainder when 511 is divided by 12.
7
Calculate the remainder when 253 is divided by 20.
13
What is the remainder when 164 is divided by 6?
2
What is the remainder when 406 is divided by 102?
100
Calculate the remainder when 735 is divided by 8.
7
What is the remainder when 1712 is divided by 563?
23
What is the remainder when 1793 is divided by 78?
77
Calculate the remainder when 4572 is divided by 56.
36
Calculate the remainder when 219 is divided by 168.
51
What is the remainder when 444 is divided by 33?
15
Calculate the remainder when 199 is divided by 31.
13
Calculate the remainder when 784 is divided by 70.
14
What is the remainder when 413 is divided by 105?
98
Calculate the remainder when 423 is divided by 16.
7
What is the remainder when 877 is divided by 11?
8
What is the remainder when 38200 is divided by 23?
20
What is the remainder when 703 is divided by 5?
3
Calculate the remainder when 27 is divided by 7.
6
What is the remainder when 334 is divided by 194?
140
Calculate the remainder when 84 is divided by 43.
41
What is the remainder when 361 is divided by 176?
9
What is the remainder when 119 is divided by 12?
11
What is the remainder when 233 is divided by 125?
108
What is the remainder when 68 is divided by 9?
5
What is the remainder when 5210 is divided by 33?
29
Calculate the remainder when 34 is divided by 23.
11
Calculate the remainder when 97 is divided by 14.
13
Calculate the remainder when 1705 is divided by 30.
25
